{"id":88,"date":"2022-01-05T05:59:15","date_gmt":"2022-01-05T05:59:15","guid":{"rendered":"http:\/\/spiegelraum.com\/?page_id=88"},"modified":"2024-04-11T17:44:38","modified_gmt":"2024-04-11T17:44:38","slug":"willkommen","status":"publish","type":"page","link":"https:\/\/spiegelraum.com\/","title":{"rendered":"Willkommen"},"content":{"rendered":"\n<div class=\"wp-block-columns is-layout-flex wp-container-core-columns-is-layout-9d6595d7 wp-block-columns-is-layout-flex\">\n<div class=\"wp-block-column is-layout-flow wp-block-column-is-layout-flow\">\n<p class=\"has-text-align-center has-medium-font-size\">&#8222;<strong>D<\/strong>ie ganze <strong>W<\/strong>elt ist wie ein gro\u00dfer <strong>R<\/strong>aum, in dem wir uns als <strong>S<\/strong>piegel begegnen k\u00f6nnen.<br><strong>W<\/strong>enn wir auf unseren <strong>W<\/strong>egen <strong>s<\/strong>tolpern,<br><strong>d<\/strong>ann helfen wir uns, als <strong>l<\/strong>iebevolle <strong>A<\/strong>nregungen, zu <strong>e<\/strong>rkennen, wo wir <strong>s<\/strong>tehen.<\/p>\n<\/div>\n\n\n\n<div class=\"wp-block-column is-layout-flow wp-block-column-is-layout-flow\">\n<p class=\"has-text-align-center has-medium-font-size\"><strong>D<\/strong>ies alles sind <strong>M<\/strong>\u00f6glichkeiten, aus <strong>u<\/strong>nseren<br>alten <strong>T<\/strong>r\u00e4umen zu erwachen und uns zu <strong>e<\/strong>rinnern, da\u00df unsere <strong>w<\/strong>ahre <strong>N<\/strong>atur schon <strong>v<\/strong>ollkommen ist.&#8220;<\/p>\n\n\n\n<p class=\"has-text-align-right\">J.Alexander<\/p>\n<\/div>\n<\/div>\n","protected":false},"excerpt":{"rendered":"<p>&#8222;Die ganze Welt ist wie ein gro\u00dfer Raum, in dem wir uns als Spiegel begegnen k\u00f6nnen.Wenn wir auf unseren Wegen stolpern,dann helfen wir uns, als liebevolle Anregungen, zu erkennen, wo wir stehen. Dies alles sind M\u00f6glichkeiten, aus unserenalten Tr\u00e4umen zu erwachen und uns zu erinnern, da\u00df unsere wahre Natur schon vollkommen ist.&#8220; J.Alexander<\/p>\n","protected":false},"author":1,"featured_media":0,"parent":0,"menu_order":0,"comment_status":"closed","ping_status":"closed","template":"template-full-width.php","meta":{"footnotes":""},"class_list":["post-88","page","type-page","status-publish","hentry"],"_links":{"self":[{"href":"https:\/\/spiegelraum.com\/index.php?rest_route=\/wp\/v2\/pages\/88","targetHints":{"allow":["GET"]}}],"collection":[{"href":"https:\/\/spiegelraum.com\/index.php?rest_route=\/wp\/v2\/pages"}],"about":[{"href":"https:\/\/spiegelraum.com\/index.php?rest_route=\/wp\/v2\/types\/page"}],"author":[{"embeddable":true,"href":"https:\/\/spiegelraum.com\/index.php?rest_route=\/wp\/v2\/users\/1"}],"replies":[{"embeddable":true,"href":"https:\/\/spiegelraum.com\/index.php?rest_route=%2Fwp%2Fv2%2Fcomments&post=88"}],"version-history":[{"count":45,"href":"https:\/\/spiegelraum.com\/index.php?rest_route=\/wp\/v2\/pages\/88\/revisions"}],"predecessor-version":[{"id":2456,"href":"https:\/\/spiegelraum.com\/index.php?rest_route=\/wp\/v2\/pages\/88\/revisions\/2456"}],"wp:attachment":[{"href":"https:\/\/spiegelraum.com\/index.php?rest_route=%2Fwp%2Fv2%2Fmedia&parent=88"}],"curies":[{"name":"wp","href":"https:\/\/api.w.org\/{rel}","templated":true}]}}