{"id":73,"date":"2022-01-05T05:24:20","date_gmt":"2022-01-05T05:24:20","guid":{"rendered":"http:\/\/spiegelraum.com\/?page_id=73"},"modified":"2024-10-30T18:03:30","modified_gmt":"2024-10-30T18:03:30","slug":"angebote","status":"publish","type":"page","link":"https:\/\/spiegelraum.com\/?page_id=73","title":{"rendered":"Angebote"},"content":{"rendered":"\n<p class=\"has-text-align-center has-medium-font-size\"><strong>S<\/strong>ch\u00f6n, da\u00df Du Dich f\u00fcr unsere <strong>Angebote<\/strong> interessierst. Hier findest Du eine \u00dcbersicht \u00fcber die verschiedenen M\u00f6glichkeiten, mit uns zu arbeiten.<\/p>\n\n\n\n<div style=\"height:20px\" aria-hidden=\"true\" class=\"wp-block-spacer\"><\/div>\n\n\n\n<p class=\"has-text-align-center has-medium-font-size\"><strong>D<\/strong>erzeit ist es m\u00f6glich, mit uns in <strong><a href=\"#Einzelbegleitungen\" data-type=\"internal\" data-id=\"#Einzelbegleitungen\">Einzelbegleitungen<\/a><\/strong>, <strong><a href=\"#Paar-Begleitungen\" data-type=\"internal\" data-id=\"#Paar-Begleitungen\">Paar-Begleitungen<\/a><\/strong> und <strong><a href=\"#gHA\">ganzheitlicher Heil- und Aufstellungsarbeit<\/a><\/strong> zu arbeiten.<\/p>\n\n\n\n<div style=\"height:20px\" aria-hidden=\"true\" class=\"wp-block-spacer\"><\/div>\n\n\n\n<p class=\"has-medium-font-size\" id=\"Einzelbegleitungen\"><strong>Einzelbegleitungen<\/strong>:<\/p>\n\n\n\n<p class=\"has-text-align-center has-background\" style=\"background-color:#ffa72b24\">\ud83e\udd89 &#8222;<strong>E<\/strong>chtes Wachstum geschieht nur, wenn wir unseren Schattenseiten liebevoll begegnen, genau hinsp\u00fcren, was wirklich los ist und lernen, die Arme wieder weit zu machen f\u00fcr alles, was sich zeigt.&#8220; J.Alexander<\/p>\n\n\n\n<p><strong>V<\/strong>iele Menschen sehen sich in der heutigen Zeit vor Herausforderungen gestellt. Diese Herausforderungen sind in der Regel Erscheinungen des Mangels. Wir w\u00fcnschen uns mehr Gl\u00fcck im Beruf, in der Liebe und allgemein in unserem Leben, weil wir einen Mangel in diesen Lebensbereichen sp\u00fcren. Dabei hat ein erf\u00fclltes Leben nichts mit Zufall oder Gl\u00fcck zu tun, denn das Leben erf\u00fcllt uns all unsere W\u00fcnsche. Es arbeitet&nbsp;<strong>f\u00fcr<\/strong>&nbsp;uns, anstatt, wie viele glauben, gegen uns. Allerdings unterscheidet das Leben nicht in Gut und B\u00f6se. Es geht davon aus, da\u00df wir all jene Dinge \u201ewollen\u201c, auf die wir unsere Aufmerksamkeit stark richten.<\/p>\n\n\n\n<p>In den Einzelbegleitungen gehen wir gemeinsam auf eine &#8222;Reise&#8220; nach Innen. Wir finden gemeinsam heraus, was Dich im Kern wirklich besch\u00e4ftigt und was zwischen Dir und Deinem Anliegen wirklich steht, um die H\u00fcrden anschlie\u00dfend heilen zu k\u00f6nnen.<\/p>\n\n\n\n<p>Wir freuen uns auf Dich. \ud83d\ude42<\/p>\n\n\n\n<p class=\"has-text-align-right has-medium-font-size\">Kontakte: <a href=\"https:\/\/spiegelraum.com\/wir#Johannes\">Johannes<\/a>, <a href=\"https:\/\/spiegelraum.com\/wir#Joana\">Joana<\/a><\/p>\n\n\n\n<p class=\"has-text-align-right\"><strong>\u00b7\u00b7\u00b7&gt; <\/strong><a href=\"#top\">nach oben<\/a><\/p>\n\n\n\n<p class=\"has-text-align-left has-medium-font-size\" id=\"Paar-Begleitungen\"><strong>Paar-Begleitungen<\/strong>:<\/p>\n\n\n\n<p><strong>D<\/strong>ie meisten Herausforderungen in Beziehungen h\u00e4ngen damit zusammen, da\u00df man nicht versteht, wozu Beziehungen eigentlich da sind. Dadurch gehen viele Menschen, mitunter einfach auch unbewu\u00dft, mit falschen Erwartungen oder aus unklaren Motivationen heraus, Beziehungen miteinander ein.<\/p>\n\n\n\n<p><strong>D<\/strong>ennoch. Meiner Erfahrung und \u00dcberzeugung nach, sind wir&nbsp;<strong>immer<\/strong>&nbsp;zur richtigen Zeit am richtigen Ort. Das hei\u00dft auch, da\u00df wir&nbsp;<strong>immer<\/strong>&nbsp;den richtigen Partner haben. Um dies zu sehen, braucht man entweder ein tieferes Verst\u00e4ndnis f\u00fcr die Regeln des Universums (Resonanzgesetz) oder einen tiefen Kontakt zu sich selbst.<\/p>\n\n\n\n<p class=\"has-text-align-center has-background\" style=\"background-color:#ffa72b24\">\ud83e\udeb6 &#8222;<strong>E<\/strong>s gibt f\u00fcr Menschen, die mit sich selbst weiter in die Tiefe gehen wollen, in den meisten F\u00e4llen keinen Grund, sich von einem Partner zu trennen. Man kann nur so erf\u00fcllende und tiefe Beziehungen mit anderen f\u00fchren, wie man auch mit sich selbst erf\u00fcllt und tief ist. Findet man zu einer neuen Intimit\u00e4t mit sich selbst, wird man in den meisten F\u00e4llen \u00fcberrascht sein, da\u00df der Partner im Au\u00dfen auf diese neue Tiefe reagiert und die Chance erh\u00e4lt, sich auch auf diese Ebene einzulassen.&#8220; J.Alexander<\/p>\n\n\n\n<p><strong>I<\/strong>n den Paarbegleitungen schauen wir gemeinsam die Ursachen und Hintergr\u00fcnde zu dem Anliegen des Paares an fangen an, die Wege zu gehen, die das P\u00e4rchen wieder n\u00e4her zusammen bringen.<\/p>\n\n\n\n<p class=\"has-text-align-right has-medium-font-size\">Kontakt: <a href=\"https:\/\/spiegelraum.com\/wir#Johannes\">Johannes<\/a><\/p>\n\n\n\n<p class=\"has-text-align-right\"><strong>\u00b7\u00b7\u00b7&gt; <\/strong><a href=\"#top\">nach oben<\/a><\/p>\n\n\n\n<p class=\"has-medium-font-size\" id=\"gHA\"><strong>ganzheitliche Heil- und Aufstellungsarbeit<\/strong>:<\/p>\n\n\n\n<p><strong>A<\/strong>nders als bei herk\u00f6mmlicher Aufstellungsarbeit, bei der durch systemische Denkans\u00e4tze pers\u00f6nliche Situationen und famili\u00e4re Verh\u00e4ltnisse aufgestellt werden, um den Beteiligten bei der Bewu\u00dftmachung von Themen zu helfen, erh\u00e4lt unsere Herangehensweise einen wichtigen Zusatz:<\/p>\n\n\n\n<p><strong>I<\/strong>n unserer Arbeit stellen wir, unter anderem, ebenfalls Themen auf, aber wir erweitern den traditionellen Ansatz mit energetischen und spirituellen Heilungstechniken. Es werden somit nicht nur Dinge offengelegt, sondern das Thema ganzheitlich ausgeleuchtet und nachhaltig bearbeitet. Dies ist, unserer Ansicht nach, essentiell, um wirklich tiefgreifende Heilung und wahrnehmbare Ver\u00e4nderung zu bewirken. <strong>\u00b7\u00b7\u00b7><\/strong> <a href=\"https:\/\/johannes-alexander.de\/?page_id=996#GHAhttps:\/\/johannes-alexander.de\/?page_id=996#GHAhttps:\/\/johannes-alexander.de\/?page_id=996#GHAhttps:\/\/johannes-alexander.de\/?page_id=996#GHAhttps:\/\/johannes-alexander.de\/?page_id=996#GHAhttps:\/\/johannes-alexander.de\/?page_id=996#GHAhttps:\/\/johannes-alexander.de\/?page_id=996#GHAhttps:\/\/johannes-alexander.de\/?page_id=996#GHA\">mehr Infos<\/a><\/p>\n\n\n\n<p><strong>D<\/strong>iese Form der Heilbegleitung eignet sich f\u00fcr die verschiedensten Themenbereiche:<\/p>\n\n\n\n<ul class=\"wp-block-list\">\n<li>Zwischenmenschliche Beziehungen (Selbsterkenntnis, Partnerschaften, Familie, gesch\u00e4ftliche Beziehungen)<\/li>\n\n\n\n<li>Ursachen von Krankheiten &amp; k\u00f6rperlichen Befindlichkeiten<\/li>\n\n\n\n<li>Zukunftsorientierung und -planung (berufliche Entscheidungen bzw. Neuausrichtung)<\/li>\n\n\n\n<li>Ordnung schaffen bei Sinn- und Lebenskrisen, usw&#8230;<\/li>\n<\/ul>\n\n\n\n<p>Wir freuen uns auf Dich \ud83d\ude42<\/p>\n\n\n\n<p class=\"has-text-align-right has-medium-font-size\">Kontakte: <a href=\"https:\/\/spiegelraum.com\/wir#Johannes\">Johannes<\/a>, <a href=\"https:\/\/spiegelraum.com\/wir#Joana\">Joana<\/a><\/p>\n\n\n\n<p class=\"has-text-align-right\"><strong>\u00b7\u00b7\u00b7&gt; <\/strong><a href=\"#top\">nach oben<\/a><\/p>\n\n\n\n<div style=\"height:20px\" aria-hidden=\"true\" class=\"wp-block-spacer\"><\/div>\n\n\n\n<p class=\"has-text-align-left has-background has-medium-font-size\" style=\"background-color:#ffa72b24\"><strong>\ud83d\udca1<\/strong> F\u00fcr die Zukunft sind auch <strong>Workshops<\/strong>, <strong>Heilkreise <\/strong>und <strong>Ausbildungsseminare<\/strong> geplant.<\/p>\n","protected":false},"excerpt":{"rendered":"<p>Sch\u00f6n, da\u00df Du Dich f\u00fcr unsere Angebote interessierst. Hier findest Du eine \u00dcbersicht \u00fcber die verschiedenen M\u00f6glichkeiten, mit uns zu arbeiten. Derzeit ist es m\u00f6glich, mit uns in Einzelbegleitungen, Paar-Begleitungen und ganzheitlicher Heil- und Aufstellungsarbeit zu arbeiten. Einzelbegleitungen: \ud83e\udd89 &#8222;Echtes Wachstum geschieht nur, wenn wir unseren Schattenseiten liebevoll begegnen, genau hinsp\u00fcren, was wirklich los ist [&hellip;]<\/p>\n","protected":false},"author":1,"featured_media":3026,"parent":0,"menu_order":0,"comment_status":"closed","ping_status":"closed","template":"template-full-width.php","meta":{"footnotes":""},"class_list":["post-73","page","type-page","status-publish","has-post-thumbnail","hentry"],"_links":{"self":[{"href":"https:\/\/spiegelraum.com\/index.php?rest_route=\/wp\/v2\/pages\/73","targetHints":{"allow":["GET"]}}],"collection":[{"href":"https:\/\/spiegelraum.com\/index.php?rest_route=\/wp\/v2\/pages"}],"about":[{"href":"https:\/\/spiegelraum.com\/index.php?rest_route=\/wp\/v2\/types\/page"}],"author":[{"embeddable":true,"href":"https:\/\/spiegelraum.com\/index.php?rest_route=\/wp\/v2\/users\/1"}],"replies":[{"embeddable":true,"href":"https:\/\/spiegelraum.com\/index.php?rest_route=%2Fwp%2Fv2%2Fcomments&post=73"}],"version-history":[{"count":91,"href":"https:\/\/spiegelraum.com\/index.php?rest_route=\/wp\/v2\/pages\/73\/revisions"}],"predecessor-version":[{"id":3562,"href":"https:\/\/spiegelraum.com\/index.php?rest_route=\/wp\/v2\/pages\/73\/revisions\/3562"}],"wp:featuredmedia":[{"embeddable":true,"href":"https:\/\/spiegelraum.com\/index.php?rest_route=\/wp\/v2\/media\/3026"}],"wp:attachment":[{"href":"https:\/\/spiegelraum.com\/index.php?rest_route=%2Fwp%2Fv2%2Fmedia&parent=73"}],"curies":[{"name":"wp","href":"https:\/\/api.w.org\/{rel}","templated":true}]}}