{"id":70,"date":"2022-01-05T05:22:17","date_gmt":"2022-01-05T05:22:17","guid":{"rendered":"http:\/\/spiegelraum.com\/?page_id=70"},"modified":"2024-09-20T06:38:27","modified_gmt":"2024-09-20T06:38:27","slug":"bibliothek","status":"publish","type":"page","link":"https:\/\/spiegelraum.com\/?page_id=70","title":{"rendered":"Bibliothek"},"content":{"rendered":"\n<p class=\"has-text-align-center has-medium-font-size\">Willkommen in der <strong>Bibliothek<\/strong>.<\/p>\n\n\n\n<p class=\"has-text-align-center has-medium-font-size\"><strong>H<\/strong>ier findest Du all unsere Kreationen zum <strong>Lesen<\/strong>, <strong>Anh\u00f6ren<\/strong>, &amp; <strong>Anschauen<\/strong>. Viel Freude damit. \ud83d\ude42<\/p>\n\n\n\n<div style=\"height:20px\" aria-hidden=\"true\" class=\"wp-block-spacer\"><\/div>\n\n\n\n<div class=\"wp-block-columns is-layout-flex wp-container-core-columns-is-layout-9d6595d7 wp-block-columns-is-layout-flex\">\n<div class=\"wp-block-column is-layout-flow wp-block-column-is-layout-flow\"><div class=\"wp-block-image\">\n<figure class=\"aligncenter size-full\"><a href=\"https:\/\/spiegelraum.com\/?page_id=535\"><img loading=\"lazy\" decoding=\"async\" width=\"1280\" height=\"720\" src=\"http:\/\/spiegelraum.com\/wp-content\/uploads\/2022\/01\/INTRO-Was-uns-bewegt-720p.png\" alt=\"\" class=\"wp-image-536\" srcset=\"https:\/\/spiegelraum.com\/wp-content\/uploads\/2022\/01\/INTRO-Was-uns-bewegt-720p.png 1280w, https:\/\/spiegelraum.com\/wp-content\/uploads\/2022\/01\/INTRO-Was-uns-bewegt-720p-300x169.png 300w, https:\/\/spiegelraum.com\/wp-content\/uploads\/2022\/01\/INTRO-Was-uns-bewegt-720p-1024x576.png 1024w, https:\/\/spiegelraum.com\/wp-content\/uploads\/2022\/01\/INTRO-Was-uns-bewegt-720p-768x432.png 768w\" sizes=\"auto, (max-width: 1280px) 100vw, 1280px\" \/><\/a><\/figure>\n<\/div>\n\n\n<p class=\"has-text-align-center\"><strong>Interview-Reihe<\/strong>: &#8222;was uns bewegt&#8220;<\/p>\n<\/div>\n\n\n\n<div class=\"wp-block-column is-vertically-aligned-top is-layout-flow wp-block-column-is-layout-flow\"><div class=\"wp-block-image\">\n<figure class=\"aligncenter size-full\"><a href=\"https:\/\/spiegelraum.com\/?page_id=2177\"><img loading=\"lazy\" decoding=\"async\" width=\"1280\" height=\"720\" src=\"http:\/\/spiegelraum.com\/wp-content\/uploads\/VIDEOREIHE-.-Was-uns-heilt-.-1280720p.png\" alt=\"\" class=\"wp-image-3424\" srcset=\"https:\/\/spiegelraum.com\/wp-content\/uploads\/VIDEOREIHE-.-Was-uns-heilt-.-1280720p.png 1280w, https:\/\/spiegelraum.com\/wp-content\/uploads\/VIDEOREIHE-.-Was-uns-heilt-.-1280720p-300x169.png 300w, https:\/\/spiegelraum.com\/wp-content\/uploads\/VIDEOREIHE-.-Was-uns-heilt-.-1280720p-1024x576.png 1024w, https:\/\/spiegelraum.com\/wp-content\/uploads\/VIDEOREIHE-.-Was-uns-heilt-.-1280720p-768x432.png 768w\" sizes=\"auto, (max-width: 1280px) 100vw, 1280px\" \/><\/a><\/figure>\n<\/div>\n\n\n<p class=\"has-text-align-center\"><strong>Videoreihe<\/strong>: &#8222;was uns heilt&#8220;<\/p>\n<\/div>\n<\/div>\n\n\n\n<div class=\"wp-block-columns is-layout-flex wp-container-core-columns-is-layout-9d6595d7 wp-block-columns-is-layout-flex\">\n<div class=\"wp-block-column is-layout-flow wp-block-column-is-layout-flow\"><div class=\"wp-block-image\">\n<figure class=\"aligncenter size-full\"><a href=\"https:\/\/spiegelraum.com\/?page_id=421\"><img loading=\"lazy\" decoding=\"async\" width=\"1280\" height=\"720\" src=\"http:\/\/spiegelraum.com\/wp-content\/uploads\/ben-white-1zA_mC846yU-unsplash_1280720p.png\" alt=\"\" class=\"wp-image-3427\" srcset=\"https:\/\/spiegelraum.com\/wp-content\/uploads\/ben-white-1zA_mC846yU-unsplash_1280720p.png 1280w, https:\/\/spiegelraum.com\/wp-content\/uploads\/ben-white-1zA_mC846yU-unsplash_1280720p-300x169.png 300w, https:\/\/spiegelraum.com\/wp-content\/uploads\/ben-white-1zA_mC846yU-unsplash_1280720p-1024x576.png 1024w, https:\/\/spiegelraum.com\/wp-content\/uploads\/ben-white-1zA_mC846yU-unsplash_1280720p-768x432.png 768w\" sizes=\"auto, (max-width: 1280px) 100vw, 1280px\" \/><\/a><\/figure>\n<\/div>\n\n\n<p class=\"has-text-align-center\"><strong>Blogs<\/strong>,<strong> Texte<\/strong>,<strong> Gedanken<\/strong><\/p>\n<\/div>\n\n\n\n<div class=\"wp-block-column is-layout-flow wp-block-column-is-layout-flow\">\n<figure class=\"wp-block-image size-large\"><a href=\"https:\/\/spiegelraum.com\/?page_id=419\"><img loading=\"lazy\" decoding=\"async\" width=\"1024\" height=\"576\" src=\"http:\/\/spiegelraum.com\/wp-content\/uploads\/ilyuza-mingazova-6UhgG8kpg6U-unsplash_1280720p-1024x576.png\" alt=\"\" class=\"wp-image-3429\" srcset=\"https:\/\/spiegelraum.com\/wp-content\/uploads\/ilyuza-mingazova-6UhgG8kpg6U-unsplash_1280720p-1024x576.png 1024w, https:\/\/spiegelraum.com\/wp-content\/uploads\/ilyuza-mingazova-6UhgG8kpg6U-unsplash_1280720p-300x169.png 300w, https:\/\/spiegelraum.com\/wp-content\/uploads\/ilyuza-mingazova-6UhgG8kpg6U-unsplash_1280720p-768x432.png 768w, https:\/\/spiegelraum.com\/wp-content\/uploads\/ilyuza-mingazova-6UhgG8kpg6U-unsplash_1280720p.png 1280w\" sizes=\"auto, (max-width: 1024px) 100vw, 1024px\" \/><\/a><\/figure>\n\n\n\n<p class=\"has-text-align-center\"><strong>Musik<\/strong><\/p>\n<\/div>\n<\/div>\n\n\n\n<div class=\"wp-block-columns is-layout-flex wp-container-core-columns-is-layout-9d6595d7 wp-block-columns-is-layout-flex\">\n<div class=\"wp-block-column is-layout-flow wp-block-column-is-layout-flow\"><\/div>\n\n\n\n<div class=\"wp-block-column is-layout-flow wp-block-column-is-layout-flow\"><\/div>\n\n\n\n<div class=\"wp-block-column is-layout-flow wp-block-column-is-layout-flow\"><\/div>\n<\/div>\n\n\n\n<hr class=\"wp-block-separator has-alpha-channel-opacity is-style-dots\"\/>\n\n\n\n<p class=\"has-background has-medium-font-size\" style=\"background-color:#ffa72b24\">\ud83d\udca1 Wenn Dir unsere Arbeit gef\u00e4llt und Du uns unterst\u00fctzen m\u00f6chtest, gelangst Du hier zur Seite mit den <a href=\"https:\/\/spiegelraum.com\/?page_id=2533\" data-type=\"page\" data-id=\"2533\" rel=\"nofollow\">Spendeninformationen<\/a>.<\/p>\n","protected":false},"excerpt":{"rendered":"<p>Willkommen in der Bibliothek. Hier findest Du all unsere Kreationen zum Lesen, Anh\u00f6ren, &amp; Anschauen. Viel Freude damit. \ud83d\ude42 Interview-Reihe: &#8222;was uns bewegt&#8220; Videoreihe: &#8222;was uns heilt&#8220; Blogs, Texte, Gedanken Musik \ud83d\udca1 Wenn Dir unsere Arbeit gef\u00e4llt und Du uns unterst\u00fctzen m\u00f6chtest, gelangst Du hier zur Seite mit den Spendeninformationen.<\/p>\n","protected":false},"author":1,"featured_media":999,"parent":0,"menu_order":0,"comment_status":"closed","ping_status":"closed","template":"template-full-width.php","meta":{"footnotes":""},"class_list":["post-70","page","type-page","status-publish","has-post-thumbnail","hentry"],"_links":{"self":[{"href":"https:\/\/spiegelraum.com\/index.php?rest_route=\/wp\/v2\/pages\/70","targetHints":{"allow":["GET"]}}],"collection":[{"href":"https:\/\/spiegelraum.com\/index.php?rest_route=\/wp\/v2\/pages"}],"about":[{"href":"https:\/\/spiegelraum.com\/index.php?rest_route=\/wp\/v2\/types\/page"}],"author":[{"embeddable":true,"href":"https:\/\/spiegelraum.com\/index.php?rest_route=\/wp\/v2\/users\/1"}],"replies":[{"embeddable":true,"href":"https:\/\/spiegelraum.com\/index.php?rest_route=%2Fwp%2Fv2%2Fcomments&post=70"}],"version-history":[{"count":134,"href":"https:\/\/spiegelraum.com\/index.php?rest_route=\/wp\/v2\/pages\/70\/revisions"}],"predecessor-version":[{"id":3473,"href":"https:\/\/spiegelraum.com\/index.php?rest_route=\/wp\/v2\/pages\/70\/revisions\/3473"}],"wp:featuredmedia":[{"embeddable":true,"href":"https:\/\/spiegelraum.com\/index.php?rest_route=\/wp\/v2\/media\/999"}],"wp:attachment":[{"href":"https:\/\/spiegelraum.com\/index.php?rest_route=%2Fwp%2Fv2%2Fmedia&parent=70"}],"curies":[{"name":"wp","href":"https:\/\/api.w.org\/{rel}","templated":true}]}}