{"id":490,"date":"2022-01-15T13:16:19","date_gmt":"2022-01-15T13:16:19","guid":{"rendered":"http:\/\/spiegelraum.com\/?p=490"},"modified":"2024-09-20T06:52:07","modified_gmt":"2024-09-20T06:52:07","slug":"was-uns-bewegt-folge-no-03-liebe-strengt-nicht-an","status":"publish","type":"page","link":"https:\/\/spiegelraum.com\/?page_id=490","title":{"rendered":"Was uns bewegt \u00b7 Folge no.03 \u00b7 Liebe strengt nicht an"},"content":{"rendered":"\n<p class=\"has-text-align-center has-medium-font-size\"><strong>Liebe strengt nicht an<\/strong><br><strong><strong><strong>I<\/strong><\/strong><\/strong>nterview-Reihe <strong><strong><strong>&#8222;was uns bewegt&#8220; \u00b7<\/strong><\/strong><\/strong> Folge 3<\/p>\n\n\n\n<div style=\"height:25px\" aria-hidden=\"true\" class=\"wp-block-spacer\"><\/div>\n\n\n\n<p class=\"has-medium-font-size\"><strong>V<\/strong>ielen Dank f\u00fcr Dein Interesse an dieser Episode. \ud83d\ude42 Wenn Du unsere Arbeit unterst\u00fctzen m\u00f6chtest, w\u00fcrden wir uns \u00fcber eine <a href=\"https:\/\/spiegelraum.com\/?page_id=2533\" data-type=\"page\" data-id=\"2533\">Spende<\/a> sehr freuen.<br><br><strong>I<\/strong>n diesem Gespr\u00e4ch geht es unter anderem um folgende Schwerpunkte:<\/p>\n\n\n\n<div class=\"wp-block-columns is-layout-flex wp-container-core-columns-is-layout-9d6595d7 wp-block-columns-is-layout-flex\">\n<div class=\"wp-block-column is-layout-flow wp-block-column-is-layout-flow\">\n<p class=\"has-background\" style=\"background-color:#ffa72b24\"><strong>Authentizit\u00e4t:<\/strong><br>Das Ego meint, man muss sich anstrengen, sonst geht das Leben bachab. Authentizit\u00e4t bedeutet, dass wir uns nicht anzustrengen brauchen, um bestimmte Dinge zu tun.<\/p>\n\n\n\n<p class=\"has-background\" style=\"background-color:#ffa72b24\"><strong>Umgang mit Kritik:<\/strong><br>Wie wir uns trotz Kritik von au\u00dfen nicht verbiegen, um es allen recht zu machen, sondern wieder unsere eigene Perspektive einnehmen k\u00f6nnen.<\/p>\n\n\n\n<p class=\"has-background\" style=\"background-color:#ffa72b24\"><strong>Loslassen passiert automatisch:<\/strong><br>Loslassen passiert automatisch, wenn wir die Angst komplett angeschaut haben. Ein Buch, das wir von vorne bis hinten gelesen haben, wollen wir ja auch nicht zehn Mal lesen.<br><\/p>\n<\/div>\n\n\n\n<div class=\"wp-block-column is-layout-flow wp-block-column-is-layout-flow\">\n<p class=\"has-background\" style=\"background-color:#ffa72b24\"><strong>Umgang mit \u00c4ngsten:<\/strong><br>Warum es v\u00f6llig nat\u00fcrlich ist, da\u00df wirklich durchgef\u00fchlte \u00c4ngste nicht mehr auftauchen; &#8211; oder nur noch als gesunde Vorsicht.<\/p>\n\n\n\n<p class=\"has-background\" style=\"background-color:#ffa72b24\"><strong>Warum sich Erfahrungen wiederholen:<\/strong><br>Wenn wir irgendeiner Sache gegen\u00fcber weniger als Dankbarkeit (Liebe) empfinden, dann haben wir sie noch nicht ganz verstanden und dann wird sich die Erfahrung wiederholen.<\/p>\n\n\n\n<p class=\"has-background\" style=\"background-color:#ffa72b24\"><strong>Angst vor der Liebe:<\/strong><br>Haben wir wirklich Angst vor der Liebe oder sp\u00fcren wir nur, wann es echte Liebe ist und wann nicht?<\/p>\n\n\n\n<p class=\"has-background\" style=\"background-color:#ffa72b24\"><strong>Wirkung der Liebe:<\/strong><br>Alle Dinge, die von authentischer Liebe ber\u00fchrt werden, verwandeln sich automatisch in Liebe.<\/p>\n<\/div>\n<\/div>\n\n\n\n<p class=\"has-medium-font-size\"><strong>U<\/strong>nd nun viel Freude mit dem <strong>kompletten Video<\/strong>:<\/p>\n\n\n\n<figure class=\"wp-block-video aligncenter\"><video controls poster=\"http:\/\/spiegelraum.com\/wp-content\/uploads\/2022\/03\/VIDEOREIHE-.-Was-uns-bewegt-.-No-03-.-Liebe-strengt-nicht-an-.-720p.png\" preload=\"none\" src=\"https:\/\/spiegelraum.com\/WUB\/Videoreihe . Was uns bewegt . Folge 03 . 1080p.mp4\"><\/video><\/figure>\n\n\n\n<div style=\"height:25px\" aria-hidden=\"true\" class=\"wp-block-spacer\"><\/div>\n\n\n\n<p><strong>\ud83d\udca1 auch als <strong>Audioversion<\/strong><\/strong>:<\/p>\n\n\n\n<figure class=\"wp-block-audio\"><audio controls src=\"http:\/\/spiegelraum.com\/wp-content\/uploads\/Videoreihe-.-Was-uns-bewegt-.-Folge-03-.-nnur-Audio.ogg\" preload=\"none\"><\/audio><\/figure>\n\n\n\n<div style=\"height:20px\" aria-hidden=\"true\" class=\"wp-block-spacer\"><\/div>\n\n\n\n<hr class=\"wp-block-separator has-alpha-channel-opacity is-style-dots\"\/>\n\n\n\n<p class=\"has-text-align-right\"><strong>\u00b7\u00b7\u00b7&gt;<\/strong>&nbsp;<a href=\"https:\/\/spiegelraum.com\/interview-reihe-was-uns-bewegt\" data-type=\"page\" data-id=\"535\">zur \u00dcbersicht<\/a><\/p>\n\n\n\n<p class=\"has-background has-medium-font-size\" style=\"background-color:#ffa72b24\">\ud83d\udca1 Wenn Dir unsere Arbeit gef\u00e4llt und Du uns unterst\u00fctzen m\u00f6chtest, gelangst Du hier zur Seite mit den <a href=\"https:\/\/spiegelraum.com\/?page_id=2533\" data-type=\"page\" data-id=\"2533\" rel=\"nofollow\">Spendeninformationen<\/a>.<\/p>\n","protected":false},"excerpt":{"rendered":"<p>Liebe strengt nicht anInterview-Reihe &#8222;was uns bewegt&#8220; \u00b7 Folge 3 Vielen Dank f\u00fcr Dein Interesse an dieser Episode. \ud83d\ude42 Wenn Du unsere Arbeit unterst\u00fctzen m\u00f6chtest, w\u00fcrden wir uns \u00fcber eine Spende sehr freuen. In diesem Gespr\u00e4ch geht es unter anderem um folgende Schwerpunkte: Authentizit\u00e4t:Das Ego meint, man muss sich anstrengen, sonst geht das Leben bachab. [&hellip;]<\/p>\n","protected":false},"author":1,"featured_media":205,"parent":0,"menu_order":0,"comment_status":"open","ping_status":"open","template":"template-full-width.php","meta":{"footnotes":""},"class_list":["post-490","page","type-page","status-publish","has-post-thumbnail","hentry"],"_links":{"self":[{"href":"https:\/\/spiegelraum.com\/index.php?rest_route=\/wp\/v2\/pages\/490","targetHints":{"allow":["GET"]}}],"collection":[{"href":"https:\/\/spiegelraum.com\/index.php?rest_route=\/wp\/v2\/pages"}],"about":[{"href":"https:\/\/spiegelraum.com\/index.php?rest_route=\/wp\/v2\/types\/page"}],"author":[{"embeddable":true,"href":"https:\/\/spiegelraum.com\/index.php?rest_route=\/wp\/v2\/users\/1"}],"replies":[{"embeddable":true,"href":"https:\/\/spiegelraum.com\/index.php?rest_route=%2Fwp%2Fv2%2Fcomments&post=490"}],"version-history":[{"count":33,"href":"https:\/\/spiegelraum.com\/index.php?rest_route=\/wp\/v2\/pages\/490\/revisions"}],"predecessor-version":[{"id":3486,"href":"https:\/\/spiegelraum.com\/index.php?rest_route=\/wp\/v2\/pages\/490\/revisions\/3486"}],"wp:featuredmedia":[{"embeddable":true,"href":"https:\/\/spiegelraum.com\/index.php?rest_route=\/wp\/v2\/media\/205"}],"wp:attachment":[{"href":"https:\/\/spiegelraum.com\/index.php?rest_route=%2Fwp%2Fv2%2Fmedia&parent=490"}],"curies":[{"name":"wp","href":"https:\/\/api.w.org\/{rel}","templated":true}]}}